{"id":87686,"date":"2026-04-21T10:30:19","date_gmt":"2026-04-21T10:30:19","guid":{"rendered":"https:\/\/lookruncompany.com\/?product=mishimoto-2001-2007-wrx-ultimate-2"},"modified":"2026-04-21T10:30:19","modified_gmt":"2026-04-21T10:30:19","slug":"mishimoto-2001-2007-wrx-ultimate-2","status":"publish","type":"product","link":"https:\/\/lookruncompany.com\/?product=mishimoto-2001-2007-wrx-ultimate-2","title":{"rendered":"Mishimoto 2001-2007 WRX Ultimate"},"content":{"rendered":"<p>En nuestra tienda encontrar\u00e1s Mishimoto 2001-2007 WRX Ultimate, una referencia orientada a mejorar fiabilidad, refrigeraci\u00f3n y rendimiento seg\u00fan la aplicaci\u00f3n.<\/p>\n<p>Mishimoto 2001-2007 WRX Ultimate es una referencia de Mishimoto disponible en de Mishimoto tienda para quienes buscan contener el calor del turbo y proteger los componentes cercanos. Es una opci\u00f3n orientada tanto a sustituci\u00f3n mejorada como a proyectos de preparaci\u00f3n, siempre con el objetivo de ofrecer un producto fiable y bien resuelto.Entre sus puntos destacados se encuentran fabricaci\u00f3n en aluminio, construcci\u00f3n en silicona y apoyo adicional de ventilaci\u00f3n, aspectos especialmente valorados cuando se busca durabilidad, buen encaje y un funcionamiento consistente.Aplicaci\u00f3n orientada a los modelos indicados en el t\u00edtulo. Antes de comprar, conviene revisar compatibilidad exacta por modelo, motorizaci\u00f3n y a\u00f1o.<\/p>\n<p>Si necesitas confirmar compatibilidad antes de comprar, cons\u00faltanos y te ayudamos.<\/p>\n","protected":false},"excerpt":{"rendered":"<p>Producto Mishimoto 2001-2007 WRX Ultimate disponible en nuestra tienda. Manta t\u00e9rmica para turbo Mishimoto para aplicaciones espec\u00edficas, orientado a contener el calor del turbo y proteger los componentes cercanos con ajuste pensado para los modelos indicados.<\/p>\n","protected":false},"featured_media":0,"comment_status":"open","ping_status":"closed","template":"","meta":{"_acf_changed":false},"product_brand":[],"product_cat":[117],"product_tag":[377448,376265,376267,376757],"class_list":{"0":"post-87686","1":"product","2":"type-product","3":"status-publish","5":"product_cat-refrigeracion","6":"product_tag-kits-radiadores-para-automoviles","7":"product_tag-mishimoto","8":"product_tag-motor-refrigeracion","9":"product_tag-vehicle_specific","11":"first","12":"instock","13":"taxable","14":"shipping-taxable","15":"purchasable","16":"product-type-simple"},"acf":[],"_links":{"self":[{"href":"https:\/\/lookruncompany.com\/index.php?rest_route=\/wp\/v2\/product\/87686","targetHints":{"allow":["GET"]}}],"collection":[{"href":"https:\/\/lookruncompany.com\/index.php?rest_route=\/wp\/v2\/product"}],"about":[{"href":"https:\/\/lookruncompany.com\/index.php?rest_route=\/wp\/v2\/types\/product"}],"replies":[{"embeddable":true,"href":"https:\/\/lookruncompany.com\/index.php?rest_route=%2Fwp%2Fv2%2Fcomments&post=87686"}],"version-history":[{"count":0,"href":"https:\/\/lookruncompany.com\/index.php?rest_route=\/wp\/v2\/product\/87686\/revisions"}],"wp:attachment":[{"href":"https:\/\/lookruncompany.com\/index.php?rest_route=%2Fwp%2Fv2%2Fmedia&parent=87686"}],"wp:term":[{"taxonomy":"product_brand","embeddable":true,"href":"https:\/\/lookruncompany.com\/index.php?rest_route=%2Fwp%2Fv2%2Fproduct_brand&post=87686"},{"taxonomy":"product_cat","embeddable":true,"href":"https:\/\/lookruncompany.com\/index.php?rest_route=%2Fwp%2Fv2%2Fproduct_cat&post=87686"},{"taxonomy":"product_tag","embeddable":true,"href":"https:\/\/lookruncompany.com\/index.php?rest_route=%2Fwp%2Fv2%2Fproduct_tag&post=87686"}],"curies":[{"name":"wp","href":"https:\/\/api.w.org\/{rel}","templated":true}]}}