{"id":87554,"date":"2026-04-21T10:26:07","date_gmt":"2026-04-21T10:26:07","guid":{"rendered":"https:\/\/lookruncompany.com\/?product=mishimoto-admision-directa-subaru-brz-scion-fr-s-2013-pulido"},"modified":"2026-04-21T11:09:49","modified_gmt":"2026-04-21T11:09:49","slug":"mishimoto-admision-directa-subaru-brz-scion-fr-s-2013-pulido","status":"publish","type":"product","link":"https:\/\/lookruncompany.com\/?product=mishimoto-admision-directa-subaru-brz-scion-fr-s-2013-pulido","title":{"rendered":"Mishimoto Admisi\u00f3n directa Subaru BRZ \/ Scion FR-S 2013+ Pulido"},"content":{"rendered":"<p>En nuestra tienda encontrar\u00e1s Mishimoto Admisi\u00f3n directa Subaru BRZ \/ Scion FR-S 2013+ Pulido, una referencia orientada a mejorar fiabilidad, refrigeraci\u00f3n y rendimiento seg\u00fan la aplicaci\u00f3n.<\/p>\n<p>Mishimoto Admisi\u00f3n directa Subaru BRZ \/ Scion FR-S 2013+ Pulido es una referencia de Mishimoto disponible en de Mishimoto tienda para quienes buscan mejorar la entrada de aire y el funcionamiento del conjunto. Es una opci\u00f3n orientada tanto a sustituci\u00f3n mejorada como a proyectos de preparaci\u00f3n, siempre con el objetivo de ofrecer un producto fiable y bien resuelto.Se trata de un componente de admisi\u00f3n con un planteamiento claro: ofrecer una soluci\u00f3n seria para montaje, mantenimiento o mejora del veh\u00edculo, sin recurrir al enfoque de fabricante en primera persona.Aplicaci\u00f3n orientada a los modelos indicados en el t\u00edtulo. Antes de comprar, conviene revisar compatibilidad exacta por modelo, motorizaci\u00f3n y a\u00f1o.<\/p>\n<p>Si necesitas confirmar compatibilidad antes de comprar, cons\u00faltanos y te ayudamos.<\/p>\n","protected":false},"excerpt":{"rendered":"<p>Producto Mishimoto Admisi\u00f3n directa Subaru BRZ \/ Scion FR-S 2013+ Pulido disponible en nuestra tienda. Componente de admisi\u00f3n Mishimoto para aplicaciones espec\u00edficas, orientado a mejorar la entrada de aire y el funcionamiento del conjunto con ajuste pensado para los modelos indicados.<\/p>\n","protected":false},"featured_media":0,"comment_status":"open","ping_status":"closed","template":"","meta":{"_acf_changed":false},"product_brand":[257653],"product_cat":[117],"product_tag":[376600,376588,376265,376267,376766,376757],"class_list":{"0":"post-87554","1":"product","2":"type-product","3":"status-publish","5":"product_brand-mishimoto","6":"product_cat-refrigeracion","7":"product_tag-admisiones","8":"product_tag-admisiones-de-aire","9":"product_tag-mishimoto","10":"product_tag-motor-refrigeracion","11":"product_tag-subaru","12":"product_tag-vehicle_specific","14":"first","15":"instock","16":"taxable","17":"shipping-taxable","18":"purchasable","19":"product-type-simple"},"acf":[],"_links":{"self":[{"href":"https:\/\/lookruncompany.com\/index.php?rest_route=\/wp\/v2\/product\/87554","targetHints":{"allow":["GET"]}}],"collection":[{"href":"https:\/\/lookruncompany.com\/index.php?rest_route=\/wp\/v2\/product"}],"about":[{"href":"https:\/\/lookruncompany.com\/index.php?rest_route=\/wp\/v2\/types\/product"}],"replies":[{"embeddable":true,"href":"https:\/\/lookruncompany.com\/index.php?rest_route=%2Fwp%2Fv2%2Fcomments&post=87554"}],"version-history":[{"count":0,"href":"https:\/\/lookruncompany.com\/index.php?rest_route=\/wp\/v2\/product\/87554\/revisions"}],"wp:attachment":[{"href":"https:\/\/lookruncompany.com\/index.php?rest_route=%2Fwp%2Fv2%2Fmedia&parent=87554"}],"wp:term":[{"taxonomy":"product_brand","embeddable":true,"href":"https:\/\/lookruncompany.com\/index.php?rest_route=%2Fwp%2Fv2%2Fproduct_brand&post=87554"},{"taxonomy":"product_cat","embeddable":true,"href":"https:\/\/lookruncompany.com\/index.php?rest_route=%2Fwp%2Fv2%2Fproduct_cat&post=87554"},{"taxonomy":"product_tag","embeddable":true,"href":"https:\/\/lookruncompany.com\/index.php?rest_route=%2Fwp%2Fv2%2Fproduct_tag&post=87554"}],"curies":[{"name":"wp","href":"https:\/\/api.w.org\/{rel}","templated":true}]}}