{"id":87523,"date":"2026-04-21T10:25:28","date_gmt":"2026-04-21T10:25:28","guid":{"rendered":"https:\/\/lookruncompany.com\/?product=mishimoto-kit-limpieza-filtro-de-aire-rojo-2"},"modified":"2026-04-21T10:25:28","modified_gmt":"2026-04-21T10:25:28","slug":"mishimoto-kit-limpieza-filtro-de-aire-rojo-2","status":"publish","type":"product","link":"https:\/\/lookruncompany.com\/?product=mishimoto-kit-limpieza-filtro-de-aire-rojo-2","title":{"rendered":"Mishimoto Kit limpieza filtro de aire Rojo"},"content":{"rendered":"<p>En nuestra tienda encontrar\u00e1s Mishimoto Kit limpieza filtro de aire Rojo, una referencia orientada a mejorar fiabilidad, refrigeraci\u00f3n y rendimiento seg\u00fan la aplicaci\u00f3n.<\/p>\n<p>Mishimoto Kit limpieza filtro de aire Rojo es una referencia de Mishimoto disponible en de Mishimoto tienda para quienes buscan mejorar la entrada de aire y el funcionamiento del conjunto. Es una opci\u00f3n orientada tanto a sustituci\u00f3n mejorada como a proyectos de preparaci\u00f3n, siempre con el objetivo de ofrecer un producto fiable y bien resuelto.Entre sus puntos destacados se encuentran acabado en color rojo, aspectos especialmente valorados cuando se busca durabilidad, buen encaje y un funcionamiento consistente.Referencia de aplicaci\u00f3n universal. Conviene comprobar medidas, conexiones y espacio disponible antes de la compra.<\/p>\n<p>Si necesitas confirmar compatibilidad antes de comprar, cons\u00faltanos y te ayudamos.<\/p>\n","protected":false},"excerpt":{"rendered":"<p>Producto Mishimoto Kit limpieza filtro de aire Rojo disponible en nuestra tienda. Componente de admisi\u00f3n Mishimoto para mejorar la entrada de aire y el funcionamiento del conjunto. Referencia universal con enfoque en fiabilidad, resistencia t\u00e9rmica y buen acabado.<\/p>\n","protected":false},"featured_media":0,"comment_status":"open","ping_status":"closed","template":"","meta":{"_acf_changed":false},"product_brand":[],"product_cat":[117],"product_tag":[376600,376588,376265,376267,376264],"class_list":{"0":"post-87523","1":"product","2":"type-product","3":"status-publish","5":"product_cat-refrigeracion","6":"product_tag-admisiones","7":"product_tag-admisiones-de-aire","8":"product_tag-mishimoto","9":"product_tag-motor-refrigeracion","10":"product_tag-universal","12":"first","13":"instock","14":"taxable","15":"shipping-taxable","16":"purchasable","17":"product-type-simple"},"acf":[],"_links":{"self":[{"href":"https:\/\/lookruncompany.com\/index.php?rest_route=\/wp\/v2\/product\/87523","targetHints":{"allow":["GET"]}}],"collection":[{"href":"https:\/\/lookruncompany.com\/index.php?rest_route=\/wp\/v2\/product"}],"about":[{"href":"https:\/\/lookruncompany.com\/index.php?rest_route=\/wp\/v2\/types\/product"}],"replies":[{"embeddable":true,"href":"https:\/\/lookruncompany.com\/index.php?rest_route=%2Fwp%2Fv2%2Fcomments&post=87523"}],"version-history":[{"count":0,"href":"https:\/\/lookruncompany.com\/index.php?rest_route=\/wp\/v2\/product\/87523\/revisions"}],"wp:attachment":[{"href":"https:\/\/lookruncompany.com\/index.php?rest_route=%2Fwp%2Fv2%2Fmedia&parent=87523"}],"wp:term":[{"taxonomy":"product_brand","embeddable":true,"href":"https:\/\/lookruncompany.com\/index.php?rest_route=%2Fwp%2Fv2%2Fproduct_brand&post=87523"},{"taxonomy":"product_cat","embeddable":true,"href":"https:\/\/lookruncompany.com\/index.php?rest_route=%2Fwp%2Fv2%2Fproduct_cat&post=87523"},{"taxonomy":"product_tag","embeddable":true,"href":"https:\/\/lookruncompany.com\/index.php?rest_route=%2Fwp%2Fv2%2Fproduct_tag&post=87523"}],"curies":[{"name":"wp","href":"https:\/\/api.w.org\/{rel}","templated":true}]}}