{"id":35389,"date":"2025-11-22T14:28:39","date_gmt":"2025-11-22T14:28:39","guid":{"rendered":"http:\/\/lookruncompany.com\/?page_id=35389"},"modified":"2025-11-27T21:17:07","modified_gmt":"2025-11-27T21:17:07","slug":"product-page","status":"publish","type":"page","link":"https:\/\/lookruncompany.com\/?page_id=35389","title":{"rendered":"Product Page"},"content":{"rendered":"\t\t<div data-elementor-type=\"wp-page\" data-elementor-id=\"35389\" class=\"elementor elementor-35389\" data-elementor-post-type=\"page\">\n\t\t\t\t<div class=\"elementor-element elementor-element-874db64 e-flex e-con-boxed e-con e-parent\" data-id=\"874db64\" data-element_type=\"container\" data-e-type=\"container\">\n\t\t\t\t\t<div class=\"e-con-inner\">\n\t\t<div class=\"elementor-element elementor-element-912fc9b e-con-full e-flex e-con e-child\" data-id=\"912fc9b\" data-element_type=\"container\" data-e-type=\"container\">\n\t\t\t\t<div class=\"elementor-element elementor-element-f64e10b elementor-widget elementor-widget-heading\" data-id=\"f64e10b\" data-element_type=\"widget\" data-e-type=\"widget\" data-widget_type=\"heading.default\">\n\t\t\t\t\t<h1 class=\"elementor-heading-title elementor-size-default\">Seleccione su modelo para buscar piezas compatibles.<\/h1>\t\t\t\t<\/div>\n\t\t\t\t<div class=\"elementor-element elementor-element-6711470 elementor-widget elementor-widget-shortcode\" data-id=\"6711470\" data-element_type=\"widget\" data-e-type=\"widget\" data-widget_type=\"shortcode.default\">\n\t\t\t\t\t\t\t<div class=\"elementor-shortcode\"><div class=\"woo_vpf_filter_wrapper\"><div class=\"widget-woo-vpf-filter woo-vpf-filter-vertical\">\r\n\t\t\r\n\t\t\t\t\t\t\r\n\t\t\t<form action=\"https:\/\/lookruncompany.com\/\" method=\"get\">\r\n\t\t\t\r\n\t\t\t\t\t\t\t\t\r\n\t\t\t\t<div class=\"woo-vpf-field woo-vpf-field-make\">\r\n\t\t\t\t\t\t\t\t\t\t\r\n\t\t\t\t\t<select name=\"make\">\r\n\t\t\t\t\t\t<option value=\"\">Marca<\/option>\r\n\t\t\t\t\t\t<option value=\"363741\" >ABARTH<\/option><option value=\"364033\" >AC<\/option><option value=\"364236\" >AIXAM<\/option><option value=\"364257\" >AIXAM-MEGA<\/option><option value=\"364330\" >ALFA ROMEO<\/option><option value=\"365747\" >ALPINE<\/option><option value=\"365824\" >ALVIS<\/option><option value=\"365844\" >ARIEL<\/option><option value=\"365880\" >ASA<\/option><option value=\"365894\" >ASTON MARTIN<\/option><option value=\"366317\" >AUDI<\/option><option value=\"371131\" >AUSTIN<\/option><option value=\"371337\" >AUSTIN HEALEY<\/option><option value=\"371356\" >AUTOBIANCHI<\/option><option value=\"371469\" >BEDFORD<\/option><option value=\"371507\" >BENTLEY<\/option><option value=\"371644\" >BERKELEY<\/option><option value=\"371648\" >BITTER<\/option><option value=\"371697\" >BIZZARRINI<\/option><option value=\"371711\" >BMW<\/option><option value=\"379476\" >BMW (ALPINA)<\/option><option value=\"379881\" >BOND<\/option><option value=\"379913\" >BRISTOL<\/option><option value=\"380164\" >BUGATTI<\/option><option value=\"380176\" >CADILLAC<\/option><option value=\"380451\" >CATERHAM<\/option><option value=\"380849\" >CG<\/option><option value=\"380864\" >CHATENET<\/option><option value=\"380874\" >CHEVROLET<\/option><option value=\"381388\" >CHEVROLET (Middle East and South Africa)<\/option><option value=\"381475\" >CHEVROLET (South Africa)<\/option><option value=\"381501\" >CHEVROLET (Thailand)<\/option><option value=\"381515\" >CHRYSLER (UK)<\/option><option value=\"381635\" >CHRYSLER (USA)<\/option><option value=\"381760\" >CITROEN<\/option><option value=\"383370\" >CITROEN COMMERCIAL<\/option><option value=\"384345\" >CUPRA<\/option><option value=\"384496\" >DACIA<\/option><option value=\"384921\" >DACIA COMMERCIAL<\/option><option value=\"384994\" >DAEWOO<\/option><option value=\"385061\" >DAIMLER<\/option><option value=\"385311\" >DALLARA<\/option><option value=\"385329\" >DATSUN<\/option><option value=\"385352\" >DE LOREAN<\/option><option value=\"385360\" >DE TOMASO<\/option><option value=\"385505\" >DEVALLIET<\/option><option value=\"385517\" >DINO<\/option><option value=\"385545\" >DIVA<\/option><option value=\"385569\" >DKW<\/option><option value=\"385579\" >DODGE (USA)<\/option><option value=\"385960\" >DS<\/option><option value=\"386262\" >ELVA<\/option><option value=\"386275\" >FACEL VEGA<\/option><option value=\"386349\" >FAIRTHORPE<\/option><option value=\"386383\" >FERRARI<\/option><option value=\"386781\" >FIAT<\/option><option value=\"389244\" >FIAT COMMERCIAL<\/option><option value=\"389932\" >FISKER<\/option><option value=\"389936\" >FORD<\/option><option value=\"392729\" >FORD (Australia and New Zealand)<\/option><option value=\"392949\" >FORD (Australia and New Zealand) FPV<\/option><option value=\"392980\" >FORD (Australia and New Zealand) TVE<\/option><option value=\"392996\" >FORD (South Africa)<\/option><option value=\"393066\" >FORD COMMERCIAL<\/option><option value=\"393731\" >FSO<\/option><option value=\"393940\" >FSO COMMERCIAL<\/option><option value=\"394008\" >GENESIS<\/option><option value=\"394052\" >GINETTA<\/option><option value=\"394217\" >GMC<\/option><option value=\"394252\" >GORDON KEEBLE<\/option><option value=\"394264\" >GRECAV<\/option><option value=\"394290\" >GRINNALL<\/option><option value=\"394322\" >GTM<\/option><option value=\"394350\" >HILLMAN<\/option><option value=\"394383\" >HMC<\/option><option value=\"394433\" >HOLDEN (Australia and New Zealand)<\/option><option value=\"394754\" >HOLDEN (Thailand)<\/option><option value=\"394768\" >HOLDEN HSV (Australia and New Zealand)<\/option><option value=\"394839\" >HONDA<\/option><option value=\"395121\" >HYUNDAI<\/option><option value=\"396287\" >HYUNDAI (Australia)<\/option><option value=\"396301\" >HYUNDAI (Portugal)<\/option><option value=\"396360\" >HYUNDAI COMMERCIAL<\/option><option value=\"396398\" >INEOS<\/option><option value=\"396416\" >INFINITI<\/option><option value=\"396469\" >INNOCENTI<\/option><option value=\"396513\" >ISO<\/option><option value=\"396652\" >ISUZU<\/option><option value=\"396704\" >ISUZU (Thailand)<\/option><option value=\"396721\" >IVECO COMMERCIAL<\/option><option value=\"397033\" >JAGUAR<\/option><option value=\"398303\" >JEEP<\/option><option value=\"398667\" >JENSEN<\/option><option value=\"398761\" >KGM MOTORS<\/option><option value=\"398772\" >KIA<\/option><option value=\"399807\" >KTM<\/option><option value=\"399848\" >LADA<\/option><option value=\"399921\" >LAGONDA<\/option><option value=\"399933\" >LAMBORGHINI<\/option><option value=\"400253\" >LANCIA<\/option><option value=\"401078\" >LAND ROVER<\/option><option value=\"402648\" >LDV<\/option><option value=\"402660\" >LEA FRANCIS<\/option><option value=\"402668\" >LEVC<\/option><option value=\"402699\" >LEXUS<\/option><option value=\"403210\" >LIGIER<\/option><option value=\"403280\" >LOTUS<\/option><option value=\"404070\" >LTI<\/option><option value=\"404084\" >LUEGO<\/option><option value=\"404104\" >MAHINDRA<\/option><option value=\"404143\" >MAN COMMERCIAL<\/option><option value=\"404241\" >MARCOS<\/option><option value=\"404395\" >MARLIN<\/option><option value=\"404491\" >MASERATI<\/option><option value=\"405245\" >MATRA<\/option><option value=\"405294\" >MAXUS<\/option><option value=\"405316\" >MAZDA<\/option><option value=\"405898\" >MAZDA COMMERCIAL<\/option><option value=\"405920\" >MELKUS<\/option><option value=\"405944\" >MERCEDES-BENZ<\/option>\t\t\t\t\t<\/select>\r\n\t\t\t\t<\/div>\r\n\t\t\t\t\r\n\t\t\t\t<div class=\"woo-vpf-field woo-vpf-field-model\">\r\n\t\t\t\t\t\t\t\t\t\t\r\n\t\t\t\t\t<select name=\"model\">\r\n\t\t\t\t\t\t<option value=\"\">Modelo<\/option>\r\n\t\t\t\t\t\t\t\t\t\t\t<\/select>\r\n\t\t\t\t<\/div>\r\n\t\t\t\t\r\n\t\t\t\t<div class=\"woo-vpf-field woo-vpf-field-year\">\r\n\t\t\t\t\t\t\t\t\t\t\t\t\r\n\t\t\t\t\t\t\t<select name=\"year_id\">\r\n\t\t\t\t\t\t\t\t<option value=\"\">A\u00f1o<\/option>\r\n\t\t\t\t\t\t\t\t\t\t\t\t\t\t\t<\/select>\r\n\t\t\t\t\t\t<\/div><div class=\"woo-vpf-field woo-vpf-field-engine\">\r\n\t\t\t\t\t\t\t\t\t\t\t\t\t\t\t\r\n\t\t\t\t\t\t\t\t<select name=\"engine\">\r\n\t\t\t\t\t\t\t\t\t<option value=\"\">Motor<\/option>\r\n\t\t\t\t\t\t\t\t\t\t\t\t\t\t\t\t\t<\/select>\r\n\t\t\t\t\t\t\t<\/div>\t\t\t\t\r\n\t\t\t\t\t\t\t\t\r\n\t\t\t\t\t\t\t\t\r\n\t\t\t\t<div class=\"woo-vpf-field woo-vpf-field-submit\">\r\n\t\t\t\t\t\r\n\t\t\t\t\t\t\t\t\t\t\t<input type=\"hidden\" name=\"post_type\" value=\"product\" \/>\r\n\t\t\t\t\t\t\t\t\t\t\r\n\t\t\t\t\t<input type=\"hidden\" name=\"action\" value=\"vpf-search\" \/>\r\n\t\t\t\t\t\t\t\t\t\t\r\n\t\t\t\t\t\t\t\t\t\t\r\n\t\t\t\t\t\t\t\t\t\t<input type=\"submit\" value=\"Buscar\" \/>\r\n\t\t\t\t\t\r\n\t\t\t\t\t\t\t\t\t<\/div>\r\n\t\t\t\t\r\n\t\t\t\t\t\t\t\t\r\n\t\t\t\t<div class=\"woo-vpf-clearfix\"><\/div>\r\n\t\t\t<\/form>\r\n\t\t\t\r\n\t\t\t<div class=\"woo-vpf-mv-container mv-has-expandable-wrapper\">\r\n\t\t\t\r\n\t\t\t<div class=\"mv-header\">\r\n\t\t\t\t\t\t\t\t\t\t\r\n\t\t\t\t\t\t<span class=\"mv-icon\"><span class=\"mv-counter\">0<\/span><\/span>\r\n\t\t\t\t\t\t\r\n\t\t\t\t\t\t<span class=\"mv-title\">Garaje:<\/span>\t\t\t\t\t<\/div>\t\t\t\r\n\t\t\t<div class=\"mv-inner\">\r\n\t\t\t\r\n\t\t\t\t\t\t\t\t\r\n\t\t\t\t<div class=\"mv-section mv-section-vehicles-history\">\r\n\t\t\t\t\t<div class=\"mv-header\">\r\n\t\t\t\t\t\t<div class=\"mv-title\">Historial de Veh\u00edculos<\/div>\r\n\t\t\t\t\t\t\r\n\t\t\t\t\t\t<div class=\"mv-description\">Navega f\u00e1cilmente por los \u00faltimos veh\u00edculos seleccionados.<\/div>\t\t\t\t\t<\/div>\r\n\t\t\t\t\t\r\n\t\t\t\t\t<div class=\"mv-items\">\r\n\t\t\t<p class=\"mv-no-item\">You are yet to start searching vehicles<\/p>\t\t<\/div>\t\t\t\t\t\r\n\t\t\t\t\t<div class=\"mv-actions\">\r\n\t\t\t\t\t\t<div class=\"mv-add-vehicle\" data-title=\"Seleccionar Veh\u00edculo\">A\u00f1adir Veh\u00edculo<\/div>\t\t\t\t\t\t\r\n\t\t\t\t\t\t<div class=\"woo-vpf-clearfix\"><\/div>\r\n\t\t\t\t\t<\/div>\r\n\t\t\t\t<\/div>\r\n\t\t\t\t\r\n\t\t\t\t<div class=\"woo-vpf-loader\"><\/div>\r\n\t\t\t<\/div>\r\n\t\t\t\r\n\t\t\t<div class=\"woo-vpf-hidden\">\r\n\t\t\t\t\t\t<div class=\"woo-vpf-modal\" id=\"woo-vpf-modal-filter\">\r\n\t\t\t\t\t\t\r\n\t\t\t\t\t\t\t\t\t\t\t\t\t\t\r\n\t\t\t\t\t\t\t<div class=\"woo_vpf_filter_wrapper\"><div class=\"widget-woo-vpf-filter woo-vpf-filter-vertical\">\r\n\t\t\r\n\t\t\t\t\t\t\r\n\t\t\t<form action=\"https:\/\/lookruncompany.com\/\" method=\"get\">\r\n\t\t\t\r\n\t\t\t\t\t\t\t\t\r\n\t\t\t\t<div class=\"woo-vpf-field woo-vpf-field-make\">\r\n\t\t\t\t\t\t\t\t\t\t\r\n\t\t\t\t\t<select name=\"make\">\r\n\t\t\t\t\t\t<option value=\"\">Select Marca<\/option>\r\n\t\t\t\t\t\t<option value=\"363741\" >ABARTH<\/option><option value=\"364033\" >AC<\/option><option value=\"364236\" >AIXAM<\/option><option value=\"364257\" >AIXAM-MEGA<\/option><option value=\"364330\" >ALFA ROMEO<\/option><option value=\"365747\" >ALPINE<\/option><option value=\"365824\" >ALVIS<\/option><option value=\"365844\" >ARIEL<\/option><option value=\"365880\" >ASA<\/option><option value=\"365894\" >ASTON MARTIN<\/option><option value=\"366317\" >AUDI<\/option><option value=\"371131\" >AUSTIN<\/option><option value=\"371337\" >AUSTIN HEALEY<\/option><option value=\"371356\" >AUTOBIANCHI<\/option><option value=\"371469\" >BEDFORD<\/option><option value=\"371507\" >BENTLEY<\/option><option value=\"371644\" >BERKELEY<\/option><option value=\"371648\" >BITTER<\/option><option value=\"371697\" >BIZZARRINI<\/option><option value=\"371711\" >BMW<\/option><option value=\"379476\" >BMW (ALPINA)<\/option><option value=\"379881\" >BOND<\/option><option value=\"379913\" >BRISTOL<\/option><option value=\"380164\" >BUGATTI<\/option><option value=\"380176\" >CADILLAC<\/option><option value=\"380451\" >CATERHAM<\/option><option value=\"380849\" >CG<\/option><option value=\"380864\" >CHATENET<\/option><option value=\"380874\" >CHEVROLET<\/option><option value=\"381388\" >CHEVROLET (Middle East and South Africa)<\/option><option value=\"381475\" >CHEVROLET (South Africa)<\/option><option value=\"381501\" >CHEVROLET (Thailand)<\/option><option value=\"381515\" >CHRYSLER (UK)<\/option><option value=\"381635\" >CHRYSLER (USA)<\/option><option value=\"381760\" >CITROEN<\/option><option value=\"383370\" >CITROEN COMMERCIAL<\/option><option value=\"384345\" >CUPRA<\/option><option value=\"384496\" >DACIA<\/option><option value=\"384921\" >DACIA COMMERCIAL<\/option><option value=\"384994\" >DAEWOO<\/option><option value=\"385061\" >DAIMLER<\/option><option value=\"385311\" >DALLARA<\/option><option value=\"385329\" >DATSUN<\/option><option value=\"385352\" >DE LOREAN<\/option><option value=\"385360\" >DE TOMASO<\/option><option value=\"385505\" >DEVALLIET<\/option><option value=\"385517\" >DINO<\/option><option value=\"385545\" >DIVA<\/option><option value=\"385569\" >DKW<\/option><option value=\"385579\" >DODGE (USA)<\/option><option value=\"385960\" >DS<\/option><option value=\"386262\" >ELVA<\/option><option value=\"386275\" >FACEL VEGA<\/option><option value=\"386349\" >FAIRTHORPE<\/option><option value=\"386383\" >FERRARI<\/option><option value=\"386781\" >FIAT<\/option><option value=\"389244\" >FIAT COMMERCIAL<\/option><option value=\"389932\" >FISKER<\/option><option value=\"389936\" >FORD<\/option><option value=\"392729\" >FORD (Australia and New Zealand)<\/option><option value=\"392949\" >FORD (Australia and New Zealand) FPV<\/option><option value=\"392980\" >FORD (Australia and New Zealand) TVE<\/option><option value=\"392996\" >FORD (South Africa)<\/option><option value=\"393066\" >FORD COMMERCIAL<\/option><option value=\"393731\" >FSO<\/option><option value=\"393940\" >FSO COMMERCIAL<\/option><option value=\"394008\" >GENESIS<\/option><option value=\"394052\" >GINETTA<\/option><option value=\"394217\" >GMC<\/option><option value=\"394252\" >GORDON KEEBLE<\/option><option value=\"394264\" >GRECAV<\/option><option value=\"394290\" >GRINNALL<\/option><option value=\"394322\" >GTM<\/option><option value=\"394350\" >HILLMAN<\/option><option value=\"394383\" >HMC<\/option><option value=\"394433\" >HOLDEN (Australia and New Zealand)<\/option><option value=\"394754\" >HOLDEN (Thailand)<\/option><option value=\"394768\" >HOLDEN HSV (Australia and New Zealand)<\/option><option value=\"394839\" >HONDA<\/option><option value=\"395121\" >HYUNDAI<\/option><option value=\"396287\" >HYUNDAI (Australia)<\/option><option value=\"396301\" >HYUNDAI (Portugal)<\/option><option value=\"396360\" >HYUNDAI COMMERCIAL<\/option><option value=\"396398\" >INEOS<\/option><option value=\"396416\" >INFINITI<\/option><option value=\"396469\" >INNOCENTI<\/option><option value=\"396513\" >ISO<\/option><option value=\"396652\" >ISUZU<\/option><option value=\"396704\" >ISUZU (Thailand)<\/option><option value=\"396721\" >IVECO COMMERCIAL<\/option><option value=\"397033\" >JAGUAR<\/option><option value=\"398303\" >JEEP<\/option><option value=\"398667\" >JENSEN<\/option><option value=\"398761\" >KGM MOTORS<\/option><option value=\"398772\" >KIA<\/option><option value=\"399807\" >KTM<\/option><option value=\"399848\" >LADA<\/option><option value=\"399921\" >LAGONDA<\/option><option value=\"399933\" >LAMBORGHINI<\/option><option value=\"400253\" >LANCIA<\/option><option value=\"401078\" >LAND ROVER<\/option><option value=\"402648\" >LDV<\/option><option value=\"402660\" >LEA FRANCIS<\/option><option value=\"402668\" >LEVC<\/option><option value=\"402699\" >LEXUS<\/option><option value=\"403210\" >LIGIER<\/option><option value=\"403280\" >LOTUS<\/option><option value=\"404070\" >LTI<\/option><option value=\"404084\" >LUEGO<\/option><option value=\"404104\" >MAHINDRA<\/option><option value=\"404143\" >MAN COMMERCIAL<\/option><option value=\"404241\" >MARCOS<\/option><option value=\"404395\" >MARLIN<\/option><option value=\"404491\" >MASERATI<\/option><option value=\"405245\" >MATRA<\/option><option value=\"405294\" >MAXUS<\/option><option value=\"405316\" >MAZDA<\/option><option value=\"405898\" >MAZDA COMMERCIAL<\/option><option value=\"405920\" >MELKUS<\/option><option value=\"405944\" >MERCEDES-BENZ<\/option>\t\t\t\t\t<\/select>\r\n\t\t\t\t<\/div>\r\n\t\t\t\t\r\n\t\t\t\t<div class=\"woo-vpf-field woo-vpf-field-model\">\r\n\t\t\t\t\t\t\t\t\t\t\r\n\t\t\t\t\t<select name=\"model\">\r\n\t\t\t\t\t\t<option value=\"\">Select Modelo<\/option>\r\n\t\t\t\t\t\t\t\t\t\t\t<\/select>\r\n\t\t\t\t<\/div>\r\n\t\t\t\t\r\n\t\t\t\t<div class=\"woo-vpf-field woo-vpf-field-year\">\r\n\t\t\t\t\t\t\t\t\t\t\t\t\r\n\t\t\t\t\t\t\t<select name=\"year_id\">\r\n\t\t\t\t\t\t\t\t<option value=\"\">Select A\u00f1o<\/option>\r\n\t\t\t\t\t\t\t\t\t\t\t\t\t\t\t<\/select>\r\n\t\t\t\t\t\t<\/div><div class=\"woo-vpf-field woo-vpf-field-engine\">\r\n\t\t\t\t\t\t\t\t\t\t\t\t\t\t\t\r\n\t\t\t\t\t\t\t\t<select name=\"engine\">\r\n\t\t\t\t\t\t\t\t\t<option value=\"\">Select Motor<\/option>\r\n\t\t\t\t\t\t\t\t\t\t\t\t\t\t\t\t\t<\/select>\r\n\t\t\t\t\t\t\t<\/div>\t\t\t\t\r\n\t\t\t\t\t\t\t\t\r\n\t\t\t\t\t\t\t\t\r\n\t\t\t\t<div class=\"woo-vpf-field woo-vpf-field-submit\">\r\n\t\t\t\t\t\r\n\t\t\t\t\t\t\t\t\t\t\t<input type=\"hidden\" name=\"post_type\" value=\"product\" \/>\r\n\t\t\t\t\t\t\t\t\t\t\r\n\t\t\t\t\t<input type=\"hidden\" name=\"action\" value=\"vpf-search\" \/>\r\n\t\t\t\t\t\t\t\t\t\t\r\n\t\t\t\t\t\t\t\t\t\t\r\n\t\t\t\t\t\t\t\t\t\t<input type=\"submit\" value=\"Search\" \/>\r\n\t\t\t\t\t\r\n\t\t\t\t\t\t\t\t\t<\/div>\r\n\t\t\t\t\r\n\t\t\t\t\t\t\t\t\r\n\t\t\t\t<div class=\"woo-vpf-clearfix\"><\/div>\r\n\t\t\t<\/form>\r\n\t\t\t\r\n\t\t\t\t\t\t\r\n\t\t<\/div><\/div>\t\t\t\t\t\t<\/div>\r\n\t\t\t\t\t<\/div>\t\t<\/div>\t\t\t\r\n\t\t<\/div><\/div><\/div>\n\t\t\t\t\t\t<\/div>\n\t\t\t\t<\/div>\n\t\t<div class=\"elementor-element elementor-element-1845381 e-con-full e-flex e-con e-child\" data-id=\"1845381\" data-element_type=\"container\" data-e-type=\"container\">\n\t\t\t\t<div class=\"elementor-element elementor-element-6d012ba elementor-widget elementor-widget-spacer\" data-id=\"6d012ba\" data-element_type=\"widget\" data-e-type=\"widget\" data-widget_type=\"spacer.default\">\n\t\t\t\t\t\t\t<div class=\"elementor-spacer\">\n\t\t\t<div class=\"elementor-spacer-inner\"><\/div>\n\t\t<\/div>\n\t\t\t\t\t\t<\/div>\n\t\t\t\t<div class=\"elementor-element elementor-element-680cb7f elementor--h-position-center elementor--v-position-middle elementor-arrows-position-inside elementor-pagination-position-inside elementor-widget elementor-widget-global elementor-global-35347 elementor-widget-slides\" data-id=\"680cb7f\" data-element_type=\"widget\" data-e-type=\"widget\" data-settings=\"{&quot;navigation&quot;:&quot;both&quot;,&quot;infinite&quot;:&quot;yes&quot;,&quot;transition&quot;:&quot;slide&quot;,&quot;transition_speed&quot;:500}\" data-widget_type=\"slides.default\">\n\t\t\t\t\t\t\t\t\t\t<div class=\"elementor-slides-wrapper elementor-main-swiper swiper\" role=\"region\" aria-roledescription=\"carousel\" aria-label=\"Slides\" dir=\"ltr\" data-animation=\"fadeInUp\">\n\t\t\t\t<div class=\"swiper-wrapper elementor-slides\">\n\t\t\t\t\t\t\t\t\t\t<div class=\"elementor-repeater-item-c42e34f swiper-slide\" role=\"group\" aria-roledescription=\"slide\"><div class=\"swiper-slide-bg elementor-ken-burns elementor-ken-burns--in\" role=\"img\" aria-label=\"unnamed-13-1080x729\"><\/div><div class=\"elementor-background-overlay\"><\/div><div class=\"swiper-slide-inner\" ><div class=\"swiper-slide-contents\"><h1 class=\"elementor-slide-heading\">La diferencia entre frenar\u2026 y dominar. EBC Brakes.<\/h1><\/div><\/div><\/div><div class=\"elementor-repeater-item-2e8289f swiper-slide\" role=\"group\" aria-roledescription=\"slide\"><div class=\"swiper-slide-bg elementor-ken-burns elementor-ken-burns--in\" role=\"img\" aria-label=\"bmc-car-air-filter-collection-performance\"><\/div><div class=\"elementor-background-overlay\"><\/div><div class=\"swiper-slide-inner\" ><div class=\"swiper-slide-contents\"><h1 class=\"elementor-slide-heading\">Despierta la potencia oculta con BMC Filters.<\/h1><\/div><\/div><\/div><div class=\"elementor-repeater-item-c2c39a5 swiper-slide\" role=\"group\" aria-roledescription=\"slide\"><div class=\"swiper-slide-bg elementor-ken-burns elementor-ken-burns--in\" role=\"img\" aria-label=\"BannertiendaLook\"><\/div><div class=\"elementor-background-overlay\"><\/div><div class=\"swiper-slide-inner\" ><div class=\"swiper-slide-contents\"><h1 class=\"elementor-slide-heading\">M\u00e1xima potencia. M\u00e1xima refrigeraci\u00f3n. Mishimoto.<\/h1><\/div><\/div><\/div>\t\t\t\t<\/div>\n\t\t\t\t\t\t\t\t\t\t\t\t\t\t\t<div class=\"elementor-swiper-button elementor-swiper-button-prev\" role=\"button\" tabindex=\"0\" aria-label=\"Previous slide\">\n\t\t\t\t\t\t\t<svg aria-hidden=\"true\" class=\"e-font-icon-svg e-eicon-chevron-left\" viewBox=\"0 0 1000 1000\" xmlns=\"http:\/\/www.w3.org\/2000\/svg\"><path d=\"M646 125C629 125 613 133 604 142L308 442C296 454 292 471 292 487 292 504 296 521 308 533L604 854C617 867 629 875 646 875 663 875 679 871 692 858 704 846 713 829 713 812 713 796 708 779 692 767L438 487 692 225C700 217 708 204 708 187 708 171 704 154 692 142 675 129 663 125 646 125Z\"><\/path><\/svg>\t\t\t\t\t\t<\/div>\n\t\t\t\t\t\t<div class=\"elementor-swiper-button elementor-swiper-button-next\" role=\"button\" tabindex=\"0\" aria-label=\"Next slide\">\n\t\t\t\t\t\t\t<svg aria-hidden=\"true\" class=\"e-font-icon-svg e-eicon-chevron-right\" viewBox=\"0 0 1000 1000\" xmlns=\"http:\/\/www.w3.org\/2000\/svg\"><path d=\"M696 533C708 521 713 504 713 487 713 471 708 454 696 446L400 146C388 133 375 125 354 125 338 125 325 129 313 142 300 154 292 171 292 187 292 204 296 221 308 233L563 492 304 771C292 783 288 800 288 817 288 833 296 850 308 863 321 871 338 875 354 875 371 875 388 867 400 854L696 533Z\"><\/path><\/svg>\t\t\t\t\t\t<\/div>\n\t\t\t\t\t\t\t\t\t\t\t\t\t\t\t\t<div class=\"swiper-pagination\"><\/div>\n\t\t\t\t\t\t\t\t\t\t\t\t<\/div>\n\t\t\t\t\t\t\t\t<\/div>\n\t\t\t\t<\/div>\n\t\t\t\t\t<\/div>\n\t\t\t\t<\/div>\n\t\t<div class=\"elementor-element elementor-element-aac8ad4 e-flex e-con-boxed e-con e-parent\" data-id=\"aac8ad4\" data-element_type=\"container\" data-e-type=\"container\">\n\t\t\t\t\t<div class=\"e-con-inner\">\n\t\t<div class=\"elementor-element elementor-element-1ae1a0f e-con-full e-flex e-con e-child\" data-id=\"1ae1a0f\" data-element_type=\"container\" data-e-type=\"container\">\n\t\t\t\t<div class=\"elementor-element elementor-element-8a691a0 elementor-widget elementor-widget-shortcode\" data-id=\"8a691a0\" data-element_type=\"widget\" data-e-type=\"widget\" data-widget_type=\"shortcode.default\">\n\t\t\t\t\t\t\t<div class=\"elementor-shortcode\">    <div class=\"vpf-linea-h-wrapper\">\n        <h1 class=\"vpf-h1-mini\">Recambios para:<\/h1>\n        <h2 class=\"vpf-h2-mini\">No hay veh\u00edculo seleccionado<\/h2>\n    <\/div>\n    \n\n<\/div>\n\t\t\t\t\t\t<\/div>\n\t\t\t\t<\/div>\n\t\t\t\t<div class=\"elementor-element elementor-element-ae456e3 elementor-widget elementor-widget-shortcode\" data-id=\"ae456e3\" data-element_type=\"widget\" data-e-type=\"widget\" data-widget_type=\"shortcode.default\">\n\t\t\t\t\t\t\t<div class=\"elementor-shortcode\">\n<p>No hay categor\u00eda seleccionada.<\/p><\/div>\n\t\t\t\t\t\t<\/div>\n\t\t\t\t\t<\/div>\n\t\t\t\t<\/div>\n\t\t<div class=\"elementor-element elementor-element-13ba8e8 e-flex e-con-boxed e-con e-parent\" data-id=\"13ba8e8\" data-element_type=\"container\" data-e-type=\"container\">\n\t\t\t\t\t<div class=\"e-con-inner\">\n\t\t\t\t\t<\/div>\n\t\t\t\t<\/div>\n\t\t\t\t<\/div>\n\t\t","protected":false},"excerpt":{"rendered":"<p>Seleccione su modelo para buscar piezas compatibles. La diferencia entre frenar\u2026 y dominar. EBC Brakes. Despierta la potencia oculta con BMC Filters. M\u00e1xima potencia. M\u00e1xima refrigeraci\u00f3n. Mishimoto.<\/p>\n","protected":false},"author":1,"featured_media":0,"parent":0,"menu_order":0,"comment_status":"closed","ping_status":"closed","template":"","meta":{"_acf_changed":false,"footnotes":""},"class_list":["post-35389","page","type-page","status-publish","hentry"],"acf":[],"_links":{"self":[{"href":"https:\/\/lookruncompany.com\/index.php?rest_route=\/wp\/v2\/pages\/35389","targetHints":{"allow":["GET"]}}],"collection":[{"href":"https:\/\/lookruncompany.com\/index.php?rest_route=\/wp\/v2\/pages"}],"about":[{"href":"https:\/\/lookruncompany.com\/index.php?rest_route=\/wp\/v2\/types\/page"}],"author":[{"embeddable":true,"href":"https:\/\/lookruncompany.com\/index.php?rest_route=\/wp\/v2\/users\/1"}],"replies":[{"embeddable":true,"href":"https:\/\/lookruncompany.com\/index.php?rest_route=%2Fwp%2Fv2%2Fcomments&post=35389"}],"version-history":[{"count":55,"href":"https:\/\/lookruncompany.com\/index.php?rest_route=\/wp\/v2\/pages\/35389\/revisions"}],"predecessor-version":[{"id":35523,"href":"https:\/\/lookruncompany.com\/index.php?rest_route=\/wp\/v2\/pages\/35389\/revisions\/35523"}],"wp:attachment":[{"href":"https:\/\/lookruncompany.com\/index.php?rest_route=%2Fwp%2Fv2%2Fmedia&parent=35389"}],"curies":[{"name":"wp","href":"https:\/\/api.w.org\/{rel}","templated":true}]}}